{"id":605,"date":"2019-04-10T19:14:37","date_gmt":"2019-04-10T17:14:37","guid":{"rendered":"https:\/\/ekero.vansterpartiet.se\/?page_id=605"},"modified":"2026-02-02T21:17:19","modified_gmt":"2026-02-02T20:17:19","slug":"kallelser","status":"publish","type":"page","link":"https:\/\/ekero.vansterpartiet.se\/?page_id=605","title":{"rendered":"Kallelser"},"content":{"rendered":"<p><a href=\"https:\/\/ekero.vansterpartiet.se\/wp\/files\/2026\/02\/Dagordning-arsmote-2026.docx\">Dagordning \u00e5rsm\u00f6te 2026<\/a><\/p>\n<p><a href=\"https:\/\/ekero.vansterpartiet.se\/wp\/files\/2026\/02\/Kallelse-till-Vansterpartiet-Ekeros-arsmote-2026.pdf\">Kallelse till V\u00e4nsterpartiet Eker\u00f6s \u00e5rsm\u00f6te 2026<\/a><\/p>\n","protected":false},"excerpt":{"rendered":"<p>Dagordning \u00e5rsm\u00f6te 2026 Kallelse till V\u00e4nsterpartiet Eker\u00f6s \u00e5rsm\u00f6te 2026<\/p>\n","protected":false},"author":1339,"featured_media":0,"parent":0,"menu_order":0,"comment_status":"closed","ping_status":"closed","template":"","meta":{"_acf_changed":false,"footnotes":""},"class_list":["post-605","page","type-page","status-publish","hentry"],"acf":[],"yoast_head":"<!-- This site is optimized with the Yoast SEO plugin v27.2 - https:\/\/yoast.com\/product\/yoast-seo-wordpress\/ -->\n<title>Kallelser - V\u00e4nsterpartiet Eker\u00f6<\/title>\n<meta name=\"robots\" content=\"index, follow, max-snippet:-1, max-image-preview:large, max-video-preview:-1\" \/>\n<link rel=\"canonical\" href=\"https:\/\/ekero.vansterpartiet.se\/?page_id=605\" \/>\n<meta property=\"og:locale\" content=\"sv_SE\" \/>\n<meta property=\"og:type\" content=\"article\" \/>\n<meta property=\"og:title\" content=\"Kallelser - V\u00e4nsterpartiet Eker\u00f6\" \/>\n<meta property=\"og:description\" content=\"Dagordning \u00e5rsm\u00f6te 2026 Kallelse till V\u00e4nsterpartiet Eker\u00f6s \u00e5rsm\u00f6te 2026\" \/>\n<meta property=\"og:url\" content=\"https:\/\/ekero.vansterpartiet.se\/?page_id=605\" \/>\n<meta property=\"og:site_name\" content=\"V\u00e4nsterpartiet Eker\u00f6\" \/>\n<meta property=\"article:modified_time\" content=\"2026-02-02T20:17:19+00:00\" \/>\n<meta name=\"twitter:card\" content=\"summary_large_image\" \/>\n<meta name=\"twitter:label1\" content=\"Ber\u00e4knad l\u00e4stid\" \/>\n\t<meta name=\"twitter:data1\" content=\"1 minut\" \/>\n<script type=\"application\/ld+json\" class=\"yoast-schema-graph\">{\"@context\":\"https:\/\/schema.org\",\"@graph\":[{\"@type\":\"WebPage\",\"@id\":\"https:\/\/ekero.vansterpartiet.se\/?page_id=605\",\"url\":\"https:\/\/ekero.vansterpartiet.se\/?page_id=605\",\"name\":\"Kallelser - V\u00e4nsterpartiet Eker\u00f6\",\"isPartOf\":{\"@id\":\"https:\/\/ekero.vansterpartiet.se\/#website\"},\"datePublished\":\"2019-04-10T17:14:37+00:00\",\"dateModified\":\"2026-02-02T20:17:19+00:00\",\"breadcrumb\":{\"@id\":\"https:\/\/ekero.vansterpartiet.se\/?page_id=605#breadcrumb\"},\"inLanguage\":\"sv-SE\",\"potentialAction\":[{\"@type\":\"ReadAction\",\"target\":[\"https:\/\/ekero.vansterpartiet.se\/?page_id=605\"]}]},{\"@type\":\"BreadcrumbList\",\"@id\":\"https:\/\/ekero.vansterpartiet.se\/?page_id=605#breadcrumb\",\"itemListElement\":[{\"@type\":\"ListItem\",\"position\":1,\"name\":\"Hem\",\"item\":\"https:\/\/ekero.vansterpartiet.se\/\"},{\"@type\":\"ListItem\",\"position\":2,\"name\":\"Kallelser\"}]},{\"@type\":\"WebSite\",\"@id\":\"https:\/\/ekero.vansterpartiet.se\/#website\",\"url\":\"https:\/\/ekero.vansterpartiet.se\/\",\"name\":\"V\u00e4nsterpartiet Eker\u00f6\",\"description\":\"\",\"potentialAction\":[{\"@type\":\"SearchAction\",\"target\":{\"@type\":\"EntryPoint\",\"urlTemplate\":\"https:\/\/ekero.vansterpartiet.se\/?s={search_term_string}\"},\"query-input\":{\"@type\":\"PropertyValueSpecification\",\"valueRequired\":true,\"valueName\":\"search_term_string\"}}],\"inLanguage\":\"sv-SE\"}]}<\/script>\n<!-- \/ Yoast SEO plugin. -->","yoast_head_json":{"title":"Kallelser - V\u00e4nsterpartiet Eker\u00f6","robots":{"index":"index","follow":"follow","max-snippet":"max-snippet:-1","max-image-preview":"max-image-preview:large","max-video-preview":"max-video-preview:-1"},"canonical":"https:\/\/ekero.vansterpartiet.se\/?page_id=605","og_locale":"sv_SE","og_type":"article","og_title":"Kallelser - V\u00e4nsterpartiet Eker\u00f6","og_description":"Dagordning \u00e5rsm\u00f6te 2026 Kallelse till V\u00e4nsterpartiet Eker\u00f6s \u00e5rsm\u00f6te 2026","og_url":"https:\/\/ekero.vansterpartiet.se\/?page_id=605","og_site_name":"V\u00e4nsterpartiet Eker\u00f6","article_modified_time":"2026-02-02T20:17:19+00:00","twitter_card":"summary_large_image","twitter_misc":{"Ber\u00e4knad l\u00e4stid":"1 minut"},"schema":{"@context":"https:\/\/schema.org","@graph":[{"@type":"WebPage","@id":"https:\/\/ekero.vansterpartiet.se\/?page_id=605","url":"https:\/\/ekero.vansterpartiet.se\/?page_id=605","name":"Kallelser - V\u00e4nsterpartiet Eker\u00f6","isPartOf":{"@id":"https:\/\/ekero.vansterpartiet.se\/#website"},"datePublished":"2019-04-10T17:14:37+00:00","dateModified":"2026-02-02T20:17:19+00:00","breadcrumb":{"@id":"https:\/\/ekero.vansterpartiet.se\/?page_id=605#breadcrumb"},"inLanguage":"sv-SE","potentialAction":[{"@type":"ReadAction","target":["https:\/\/ekero.vansterpartiet.se\/?page_id=605"]}]},{"@type":"BreadcrumbList","@id":"https:\/\/ekero.vansterpartiet.se\/?page_id=605#breadcrumb","itemListElement":[{"@type":"ListItem","position":1,"name":"Hem","item":"https:\/\/ekero.vansterpartiet.se\/"},{"@type":"ListItem","position":2,"name":"Kallelser"}]},{"@type":"WebSite","@id":"https:\/\/ekero.vansterpartiet.se\/#website","url":"https:\/\/ekero.vansterpartiet.se\/","name":"V\u00e4nsterpartiet Eker\u00f6","description":"","potentialAction":[{"@type":"SearchAction","target":{"@type":"EntryPoint","urlTemplate":"https:\/\/ekero.vansterpartiet.se\/?s={search_term_string}"},"query-input":{"@type":"PropertyValueSpecification","valueRequired":true,"valueName":"search_term_string"}}],"inLanguage":"sv-SE"}]}},"_links":{"self":[{"href":"https:\/\/ekero.vansterpartiet.se\/index.php?rest_route=\/wp\/v2\/pages\/605","targetHints":{"allow":["GET"]}}],"collection":[{"href":"https:\/\/ekero.vansterpartiet.se\/index.php?rest_route=\/wp\/v2\/pages"}],"about":[{"href":"https:\/\/ekero.vansterpartiet.se\/index.php?rest_route=\/wp\/v2\/types\/page"}],"author":[{"embeddable":true,"href":"https:\/\/ekero.vansterpartiet.se\/index.php?rest_route=\/wp\/v2\/users\/1339"}],"replies":[{"embeddable":true,"href":"https:\/\/ekero.vansterpartiet.se\/index.php?rest_route=%2Fwp%2Fv2%2Fcomments&post=605"}],"version-history":[{"count":2,"href":"https:\/\/ekero.vansterpartiet.se\/index.php?rest_route=\/wp\/v2\/pages\/605\/revisions"}],"predecessor-version":[{"id":706,"href":"https:\/\/ekero.vansterpartiet.se\/index.php?rest_route=\/wp\/v2\/pages\/605\/revisions\/706"}],"wp:attachment":[{"href":"https:\/\/ekero.vansterpartiet.se\/index.php?rest_route=%2Fwp%2Fv2%2Fmedia&parent=605"}],"curies":[{"name":"wp","href":"https:\/\/api.w.org\/{rel}","templated":true}]}}